{"id":213,"date":"2018-05-31T18:49:28","date_gmt":"2018-05-31T16:49:28","guid":{"rendered":"https:\/\/espaieventsmolins.wordpress.com\/?page_id=2"},"modified":"2024-12-30T12:38:09","modified_gmt":"2024-12-30T12:38:09","slug":"acerca-de","status":"publish","type":"page","link":"https:\/\/www.espaieventsmolins.com\/","title":{"rendered":"Inici"},"content":{"rendered":"<p style=\"text-align: justify;\"><strong><span style=\"color: #993300;\">LA GRAELLA DE CAN COLL<\/span><\/strong>, \u00e9s un espai en lloguer per a tot tipus d&#8217;esdeveniments i celebracions, on la brasa i el foc t\u2019acompanyaran per gaudir del millor \u00e0pat amb total privacitat.<\/p>\n<p style=\"text-align: justify;\">Tindr\u00e0s a la teva disposici\u00f3 una barbacoa d\u2019un metre i mig d\u2019ample, i un forn de llenya on podr\u00e0s coure all\u00f2 que tant t\u2019agrada; cuina de gas; paeller de gas profesional; paelles; microones gratinador; nevera horitzontal tres portes amb taula de treball; boteller horitzontal tres portes refrigerat; congelador, etc., i tot un conjunt d\u2019equipament per aconseguir treure el m\u00e0xim profit de les instal\u00b7lacions de <span style=\"color: #993300;\"><em><strong>lagraelladecancoll.<\/strong><\/em><\/span><\/p>\n<p style=\"text-align: justify;\"><span style=\"color: #993300;\"><strong>FES-TE LA FESTA A LA TEVA MIDA<\/strong><\/span><br \/>\n&#8211; TROBADES D\u2019AMICS<br \/>\n&#8211; CELEBRACIONS FAMILIARS<br \/>\n&#8211; \u00c0PATS D\u2019EMPRESA<br \/>\n&#8211; SOCIETATS GASTRON\u00d2MIQUES<\/p>\n<p style=\"text-align: justify;\"><strong><span style=\"color: #993300;\">.<\/span><\/strong> Ens adaptem a les teves necessitats, tant d\u2019horari com de serveis.<br \/>\n<strong><span style=\"color: #993300;\">.<\/span> <\/strong>Gaudir\u00e0s de la teva festa en un espai amb total exclusivitat.<br \/>\n<strong><span style=\"color: #993300;\">.<\/span><\/strong> Podr\u00e0s dur o fer el teu \u00e0pat, o si ho prefereixes, disposar dels serveis opcionals de c\u00e0tering o cuiner professional.<\/p>\n<p style=\"text-align: left;\"><strong>AFORAMENT\u00a0 40 PERSONES<\/strong><\/p>\n<p><strong>ADAPTAT PER A PERSONES AMB MOBILITAT REDU\u00cfDA<\/strong><\/p>\n","protected":false},"excerpt":{"rendered":"<p>LA GRAELLA DE CAN COLL, \u00e9s un espai en lloguer per a tot tipus d&#8217;esdeveniments i celebracions, on la brasa i el foc t\u2019acompanyaran per gaudir del millor \u00e0pat amb total privacitat. Tindr\u00e0s a la teva disposici\u00f3 una barbacoa d\u2019un metre i mig d\u2019ample, i un forn de llenya on podr\u00e0s coure all\u00f2 que tant&#8230; <\/p>\n<div class=\"link-more\"><a href=\"https:\/\/www.espaieventsmolins.com\/\">Leer M\u00e1s<\/a><\/div>\n","protected":false},"author":1,"featured_media":0,"parent":0,"menu_order":1,"comment_status":"closed","ping_status":"closed","template":"","meta":[],"yoast_head":"<!-- This site is optimized with the Yoast SEO plugin v17.6 - https:\/\/yoast.com\/wordpress\/plugins\/seo\/ -->\n<title>Inici -<\/title>\n<meta name=\"description\" content=\"LA GRAELLA DE CAN COLL, \u00e9s un espai en lloguer per a tot tipus d&#039;esdeveniments i celebracions, on la brasa i el foc t\u2019acompanyaran per gaudir del millor \u00e0pat amb total privacitat.\" \/>\n<meta name=\"robots\" content=\"index, follow, max-snippet:-1, max-image-preview:large, max-video-preview:-1\" \/>\n<link rel=\"canonical\" href=\"https:\/\/www.espaieventsmolins.com\/\" \/>\n<meta property=\"og:locale\" content=\"es_ES\" \/>\n<meta property=\"og:type\" content=\"article\" \/>\n<meta property=\"og:title\" content=\"Inici -\" \/>\n<meta property=\"og:description\" content=\"LA GRAELLA DE CAN COLL, \u00e9s un espai en lloguer per a tot tipus d&#039;esdeveniments i celebracions, on la brasa i el foc t\u2019acompanyaran per gaudir del millor \u00e0pat amb total privacitat.\" \/>\n<meta property=\"og:url\" content=\"https:\/\/www.espaieventsmolins.com\/\" \/>\n<meta property=\"article:publisher\" content=\"https:\/\/www.facebook.com\/espaieventsmolins\/\" \/>\n<meta property=\"article:modified_time\" content=\"2024-12-30T12:38:09+00:00\" \/>\n<meta property=\"og:image\" content=\"http:\/\/www.espaieventsmolins.com\/wp-content\/uploads\/2018\/05\/cropped-can-coll4-1.jpg\" \/>\n\t<meta property=\"og:image:width\" content=\"752\" \/>\n\t<meta property=\"og:image:height\" content=\"752\" \/>\n<meta name=\"twitter:card\" content=\"summary_large_image\" \/>\n<meta name=\"twitter:image\" content=\"https:\/\/www.espaieventsmolins.com\/wp-content\/uploads\/2018\/05\/cropped-can-coll4-1.jpg\" \/>\n<meta name=\"twitter:label1\" content=\"Tiempo de lectura\" \/>\n\t<meta name=\"twitter:data1\" content=\"1 minuto\" \/>\n<script type=\"application\/ld+json\" class=\"yoast-schema-graph\">{\"@context\":\"https:\/\/schema.org\",\"@graph\":[{\"@type\":\"Organization\",\"@id\":\"https:\/\/www.espaieventsmolins.com\/#organization\",\"name\":\"La graella de Can Coll\",\"url\":\"https:\/\/www.espaieventsmolins.com\/\",\"sameAs\":[\"https:\/\/www.facebook.com\/espaieventsmolins\/\",\"https:\/\/www.instagram.com\/lagraelladecancoll\/\"],\"logo\":{\"@type\":\"ImageObject\",\"@id\":\"https:\/\/www.espaieventsmolins.com\/#logo\",\"inLanguage\":\"es\",\"url\":\"http:\/\/www.espaieventsmolins.com\/wp-content\/uploads\/2018\/05\/cropped-can-coll4-1.jpg\",\"contentUrl\":\"http:\/\/www.espaieventsmolins.com\/wp-content\/uploads\/2018\/05\/cropped-can-coll4-1.jpg\",\"width\":752,\"height\":752,\"caption\":\"La graella de Can Coll\"},\"image\":{\"@id\":\"https:\/\/www.espaieventsmolins.com\/#logo\"}},{\"@type\":\"WebSite\",\"@id\":\"https:\/\/www.espaieventsmolins.com\/#website\",\"url\":\"https:\/\/www.espaieventsmolins.com\/\",\"name\":\"\",\"description\":\"\",\"publisher\":{\"@id\":\"https:\/\/www.espaieventsmolins.com\/#organization\"},\"potentialAction\":[{\"@type\":\"SearchAction\",\"target\":{\"@type\":\"EntryPoint\",\"urlTemplate\":\"https:\/\/www.espaieventsmolins.com\/?s={search_term_string}\"},\"query-input\":\"required name=search_term_string\"}],\"inLanguage\":\"es\"},{\"@type\":\"ImageObject\",\"@id\":\"https:\/\/www.espaieventsmolins.com\/#primaryimage\",\"inLanguage\":\"es\",\"url\":\"https:\/\/www.espaieventsmolins.com\/wp-content\/uploads\/2018\/05\/cropped-can-coll4-1.jpg\",\"contentUrl\":\"https:\/\/www.espaieventsmolins.com\/wp-content\/uploads\/2018\/05\/cropped-can-coll4-1.jpg\",\"width\":752,\"height\":752},{\"@type\":\"WebPage\",\"@id\":\"https:\/\/www.espaieventsmolins.com\/#webpage\",\"url\":\"https:\/\/www.espaieventsmolins.com\/\",\"name\":\"Inici -\",\"isPartOf\":{\"@id\":\"https:\/\/www.espaieventsmolins.com\/#website\"},\"datePublished\":\"2018-05-31T16:49:28+00:00\",\"dateModified\":\"2024-12-30T12:38:09+00:00\",\"description\":\"LA GRAELLA DE CAN COLL, \\u00e9s un espai en lloguer per a tot tipus d'esdeveniments i celebracions, on la brasa i el foc t\\u2019acompanyaran per gaudir del millor \\u00e0pat amb total privacitat.\",\"breadcrumb\":{\"@id\":\"https:\/\/www.espaieventsmolins.com\/#breadcrumb\"},\"inLanguage\":\"es\",\"potentialAction\":[{\"@type\":\"ReadAction\",\"target\":[\"https:\/\/www.espaieventsmolins.com\/\"]}]},{\"@type\":\"BreadcrumbList\",\"@id\":\"https:\/\/www.espaieventsmolins.com\/#breadcrumb\",\"itemListElement\":[{\"@type\":\"ListItem\",\"position\":1,\"name\":\"Portada\",\"item\":\"https:\/\/www.espaieventsmolins.com\/\"},{\"@type\":\"ListItem\",\"position\":2,\"name\":\"Inici\"}]}]}<\/script>\n<!-- \/ Yoast SEO plugin. -->","yoast_head_json":{"title":"Inici -","description":"LA GRAELLA DE CAN COLL, \u00e9s un espai en lloguer per a tot tipus d'esdeveniments i celebracions, on la brasa i el foc t\u2019acompanyaran per gaudir del millor \u00e0pat amb total privacitat.","robots":{"index":"index","follow":"follow","max-snippet":"max-snippet:-1","max-image-preview":"max-image-preview:large","max-video-preview":"max-video-preview:-1"},"canonical":"https:\/\/www.espaieventsmolins.com\/","og_locale":"es_ES","og_type":"article","og_title":"Inici -","og_description":"LA GRAELLA DE CAN COLL, \u00e9s un espai en lloguer per a tot tipus d'esdeveniments i celebracions, on la brasa i el foc t\u2019acompanyaran per gaudir del millor \u00e0pat amb total privacitat.","og_url":"https:\/\/www.espaieventsmolins.com\/","article_publisher":"https:\/\/www.facebook.com\/espaieventsmolins\/","article_modified_time":"2024-12-30T12:38:09+00:00","og_image":[{"width":752,"height":752,"url":"http:\/\/www.espaieventsmolins.com\/wp-content\/uploads\/2018\/05\/cropped-can-coll4-1.jpg","type":"image\/jpeg"}],"twitter_card":"summary_large_image","twitter_image":"https:\/\/www.espaieventsmolins.com\/wp-content\/uploads\/2018\/05\/cropped-can-coll4-1.jpg","twitter_misc":{"Tiempo de lectura":"1 minuto"},"schema":{"@context":"https:\/\/schema.org","@graph":[{"@type":"Organization","@id":"https:\/\/www.espaieventsmolins.com\/#organization","name":"La graella de Can Coll","url":"https:\/\/www.espaieventsmolins.com\/","sameAs":["https:\/\/www.facebook.com\/espaieventsmolins\/","https:\/\/www.instagram.com\/lagraelladecancoll\/"],"logo":{"@type":"ImageObject","@id":"https:\/\/www.espaieventsmolins.com\/#logo","inLanguage":"es","url":"http:\/\/www.espaieventsmolins.com\/wp-content\/uploads\/2018\/05\/cropped-can-coll4-1.jpg","contentUrl":"http:\/\/www.espaieventsmolins.com\/wp-content\/uploads\/2018\/05\/cropped-can-coll4-1.jpg","width":752,"height":752,"caption":"La graella de Can Coll"},"image":{"@id":"https:\/\/www.espaieventsmolins.com\/#logo"}},{"@type":"WebSite","@id":"https:\/\/www.espaieventsmolins.com\/#website","url":"https:\/\/www.espaieventsmolins.com\/","name":"","description":"","publisher":{"@id":"https:\/\/www.espaieventsmolins.com\/#organization"},"potentialAction":[{"@type":"SearchAction","target":{"@type":"EntryPoint","urlTemplate":"https:\/\/www.espaieventsmolins.com\/?s={search_term_string}"},"query-input":"required name=search_term_string"}],"inLanguage":"es"},{"@type":"ImageObject","@id":"https:\/\/www.espaieventsmolins.com\/#primaryimage","inLanguage":"es","url":"https:\/\/www.espaieventsmolins.com\/wp-content\/uploads\/2018\/05\/cropped-can-coll4-1.jpg","contentUrl":"https:\/\/www.espaieventsmolins.com\/wp-content\/uploads\/2018\/05\/cropped-can-coll4-1.jpg","width":752,"height":752},{"@type":"WebPage","@id":"https:\/\/www.espaieventsmolins.com\/#webpage","url":"https:\/\/www.espaieventsmolins.com\/","name":"Inici -","isPartOf":{"@id":"https:\/\/www.espaieventsmolins.com\/#website"},"datePublished":"2018-05-31T16:49:28+00:00","dateModified":"2024-12-30T12:38:09+00:00","description":"LA GRAELLA DE CAN COLL, \u00e9s un espai en lloguer per a tot tipus d'esdeveniments i celebracions, on la brasa i el foc t\u2019acompanyaran per gaudir del millor \u00e0pat amb total privacitat.","breadcrumb":{"@id":"https:\/\/www.espaieventsmolins.com\/#breadcrumb"},"inLanguage":"es","potentialAction":[{"@type":"ReadAction","target":["https:\/\/www.espaieventsmolins.com\/"]}]},{"@type":"BreadcrumbList","@id":"https:\/\/www.espaieventsmolins.com\/#breadcrumb","itemListElement":[{"@type":"ListItem","position":1,"name":"Portada","item":"https:\/\/www.espaieventsmolins.com\/"},{"@type":"ListItem","position":2,"name":"Inici"}]}]}},"_links":{"self":[{"href":"https:\/\/www.espaieventsmolins.com\/index.php\/wp-json\/wp\/v2\/pages\/213"}],"collection":[{"href":"https:\/\/www.espaieventsmolins.com\/index.php\/wp-json\/wp\/v2\/pages"}],"about":[{"href":"https:\/\/www.espaieventsmolins.com\/index.php\/wp-json\/wp\/v2\/types\/page"}],"author":[{"embeddable":true,"href":"https:\/\/www.espaieventsmolins.com\/index.php\/wp-json\/wp\/v2\/users\/1"}],"replies":[{"embeddable":true,"href":"https:\/\/www.espaieventsmolins.com\/index.php\/wp-json\/wp\/v2\/comments?post=213"}],"version-history":[{"count":7,"href":"https:\/\/www.espaieventsmolins.com\/index.php\/wp-json\/wp\/v2\/pages\/213\/revisions"}],"predecessor-version":[{"id":1555,"href":"https:\/\/www.espaieventsmolins.com\/index.php\/wp-json\/wp\/v2\/pages\/213\/revisions\/1555"}],"wp:attachment":[{"href":"https:\/\/www.espaieventsmolins.com\/index.php\/wp-json\/wp\/v2\/media?parent=213"}],"curies":[{"name":"wp","href":"https:\/\/api.w.org\/{rel}","templated":true}]}}